 base 3, what is -2012102212 - 0?
-2012102212
In base 15, what is a60 + -6d?
9e2
In base 7, what is 5 - -45614?
45622
In base 13, what is 1 - -5c95?
5c96
In base 15, what is -4e5 + -a91?
-1086
In base 3, what is 112011102 + 21?
112011200
In base 10, what is -522737 + 6?
-522731
In base 10, what is 5 + -28846?
-28841
In base 11, what is 1 - -182482?
182483
In base 8, what is -565237 - -4?
-565233
In base 6, what is 335 - -131?
510
In base 8, what is 174 + 66?
262
In base 7, what is -511 - 4315?
-5126
In base 12, what is -3 + 269b35?
269b32
In base 9, what is -12 + 567?
555
In base 5, what is -14 - 10013434?
-10014003
In base 2, what is -1000000011 - 1001001?
-1001001100
In base 12, what is 3 - 17203?
-17200
In base 14, what is 4 - -12860?
12864
In base 10, what is -79520 - 1?
-79521
In base 14, what is 1551d1 - -4?
1551d5
In base 13, what is -3aa - c?
-3b9
In base 7, what is -352525 + 4?
-352521
In base 11, what is -35a + 43?
-317
In base 14, what is 3b6c5 - -2?
3b6c7
In base 9, what is 484 + -2871?
-2376
In base 3, what is -1101112 - -2001?
-1022111
In base 16, what is 0 - 8234?
-8234
In base 12, what is 14 + 7274?
7288
In base 11, what is -495 + 4?
-491
In base 4, what is -3 + 100301000?
100300331
In base 10, what is -427 - -434?
7
In base 16, what is -de + -f0?
-1ce
In base 15, what is 1be - 70?
14e
In base 16, what is 171 + -e7?
8a
In base 7, what is -3 + 52432?
52426
In base 5, what is -1133 + -12124?
-13312
In base 2, what is -111001110001010111 + 1?
-111001110001010110
In base 9, what is 54064 - 4?
54060
In base 9, what is 171 + -1876?
-1705
In base 11, what is -165 + -3a?
-1a4
In base 7, what is 3 + -1152352?
-1152346
In base 10, what is 2061 - 56?
2005
In base 2, what is -1011101110 - 10111110000?
-100011011110
In base 11, what is 2 - -219479?
219480
In base 9, what is 154768 + 4?
154773
In base 15, what is -10d0 + 1?
-10ce
In base 5, what is -34403344 - -10?
-34403334
In base 7, what is -1351212 - 2?
-1351214
In base 12, what is 13 - -6aa?
701
In base 9, what is 4171 + -10?
4161
In base 4, what is 13220313 + 10?
13220323
In base 16, what is -4cb + 8?
-4c3
In base 10, what is -143091 - 9?
-143100
In base 5, what is -440320 + 3003?
-432312
In base 4, what is -10 - 13022221?
-13022231
In base 7, what is -23 - 423244?
-423300
In base 6, what is -233 + -2515?
-3152
In base 2, what is 111111011101110 + 11?
111111011110001
In base 7, what is 1364561 + 2?
1364563
In base 2, what is -10100110001 + 10001111?
-10010100010
In base 4, what is 1202233330 - 11?
1202233313
In base 11, what is -2 - -2322?
2320
In base 9, what is 2158 + -7?
2151
In base 14, what is cc - -a3?
191
In base 15, what is 26 + 1dd?
214
In base 5, what is 4 + -1203101?
-1203042
In base 16, what is c60 + 78?
cd8
In base 16, what is dc + -6e?
6e
In base 2, what is -1 - -11001001001001010101?
11001001001001010100
In base 11, what is 5 + 11504?
11509
In base 6, what is 1350413 + -4?
1350405
In base 5, what is -310230 + -21?
-310301
In base 11, what is -1577 + -67?
-1633
In base 3, what is 12 - 2101121122?
-2101121110
In base 7, what is 4 + -66122?
-66115
In base 7, what is -3506 - -3?
-3503
In base 11, what is 19 - -5a35?
5a53
In base 10, what is 0 - -7292?
7292
In base 3, what is 22201122012120 + 1?
22201122012121
In base 10, what is -243 + 199?
-44
In base 7, what is 1515 + -3?
1512
In base 14, what is -5 - -6678a?
66785
In base 3, what is 10210000022 - -221?
10210001020
In base 15, what is -10 - -15261?
15251
In base 7, what is 13 + 5005?
5021
In base 5, what is -2213 - -344143?
341430
In base 14, what is -931c - -2?
-931a
In base 11, what is -448 + 297?
-161
In base 15, what is -1c99 + -4?
-1c9d
In base 9, what is 5712 + -25?
5676
In base 9, what is -374 - 325?
-710
In base 6, what is 1 - 111523?
-111522
In base 3, what is -2 + -1100222222?
-1101000001
In base 6, what is 3 + -105500?
-105453
In base 9, what is -4208460 + -4?
-4208464
In base 13, what is 708 + 166?
871
In base 7, what is 0 - 34231?
-34231
In base 3, what is 11 + 11222122102?
11222122120
In base 7, what is 200 - 500?
-300
In base 4, what is 1 - 121122330?
-121122323
In base 8, what is 105 + 1505?
1612
In base 16, what is 1ca - 62?
168
In base 16, what is -23069 - -35?
-23034
In base 7, what is 160 - -133235?
133425
In base 14, what is 3 + 84db5?
84db8
In base 2, what is -1011000110101111001 + -1?
-1011000110101111010
In base 7, what is 5 + 13650410?
13650415
In base 15, what is 1dc6 - 2?
1dc4
In base 9, what is 3 - -14336?
14340
In base 7, what is 40564511 - 2?
40564506
In base 4, what is -2010 - 2122?
-10132
In base 4, what is -10131022331 - 2?
-10131022333
In base 3, what is 100 + -20022020?
-20021220
In base 7, what is -4 - -3544?
3540
In base 15, what is 9e - -168?
217
In base 12, what is 4179 - -28?
41a5
In base 11, what is 237355 + -3?
237352
In base 13, what is 2b - -1a04?
1a32
In base 6, what is -3 + 14203114?
14203111
In base 12, what is 436 - 248?
1aa
In base 6, what is 30 + -1112?
-1042
In base 15, what is 1e - 1345?
-1326
In base 9, what is 2 + 1101526?
1101528
In base 9, what is -56226 - 0?
-56226
In base 3, what is 20 + 212200221211?
212200222001
In base 6, what is -11015 - 331?
-11350
In base 15, what is 7e - ac8?
-a49
In base 15, what is -4 + -5ccce?
-5ccd3
In base 5, what is 21 + 3204110?
3204131
In base 11, what is -1a0689 - 1?
-1a068a
In base 12, what is 1 - 1543a5?
-1543a4
In base 14, what is 25 + 61b?
642
In base 11, what is -171 - 3?
-174
In base 11, what is -3 + -125a4?
-125a7
In base 6, what is 12 + 35040?
35052
In base 2, what is -11 + -110111010111111?
-110111011000010
In base 8, what is -37 + -1066?
-1125
In base 3, what is 22102101022 + -11?
22102101011
In base 11, what is 19709a + 8?
1970a7
In base 4, what is 1223330201 + 11?
1223330212
In base 8, what is -511 - -1206?
475
In base 5, what is 13021 + 3041?
21112
In base 3, what is -1000222 - 222?
-1001221
In base 11, what is -6 - 2419?
-2424
In base 9, what is 102150 + 1?
102151
In base 5, what is -4221112 + 11?
-4221101
In base 3, what is -2000121 - -121?
-2000000
In base 14, what is 5 + b0?
b5
In base 5, what is 103 - 1341230?
-1341122
In base 5, what is -321340 + 2?
-321333
In base 5, what is 21 - -1344334?
1344410
In base 7, what is -45 - -113463?
113415
In base 11, what is -74 - -8073?
7aaa
In base 8, what is 3 + 111774?
111777
In base 5, what is 12413 + 320?
13233
In base 12, what is 4b - 822?
-793
In base 16, what is -5 + 1b3b?
1b36
In base 3, what is 22122122 - -20121?
22220020
In base 2, what is -10100011001010 - -101?
-10100011000101
In base 4, what is 1222 - 10310?
-3022
In base 4, what is -110221130 - -21?
-110221103
In base 6, what is -153435 - 24?
-153503
In base 10, what is -22 - -196360?
196338
In base 6, what is -3232402 + -5?
-3232411
In base 7, what is -4 - -641205?
641201
In base 10, what is 11791 + 1?
11792
In base 3, what is -10200 - 111022?
-121222
In base 2, what is -110101011 + -10000001?
-1000101100
In base 13, what is 7ca + -30c?
4bb
In base 8, what is -1424 + -232?
-1656
In base 10, what is 25865 + 7?
25872
In base 11, what is 66 - -730?
796
In base 4, what is 113002 + -2322?
110020
In base 9, what is 25 + -14664?
-14638
In base 8, what is 615 - -106?
723
In base 12, what is 3a24 + -228?
37b8
In base 4, what is 0 + -300133?
-300133
In base 9, what is 104 + -1856?
-1752
In base 10, what is 12082 - 7?
12075
In base 16, what is 2 - e913?
-e911
In base 12, what is 74673 + -5?
7466a
In base 11, what is 2142 + -8?
2135
In base 5, what is -341 + -13224?
-14120
In base 10, what is 5582 - -3?
5585
In base 16, what is -56511 - 3?
-56514
In base 2, what is 111111010001011110 - -11?
111111010001100001
In base 9, what is -16 + -620253?
-620270
In base 5, what is -133321 - 1311?
-140132
In base 16, what is 220 - 244?
-24
In base 11, what is 4 - -3596?
359a
In base 10, what is -609881 - 5?
-609886
In base 2, what is 10000001101010000 + 1101?
10000001101011101
In base 5, what is 2 + -103401032?
-103401030
In base 15, what is -23 + 80d4?
80b1
In base 13, what is 6b33a + 2?
6b33c
In base 7, what is 210024 + 126?
210153
In base 7, what is -15 + 306145?
306130
In base 16, what is 4 - 2f20?
-2f1c
In base 9, what is -137438 - -3?
-137435
In base 2, what is -100100011111 + -100?
-100100100011
In base 11, what is -8 + -1165?
